{"id":205,"date":"2025-02-17T21:10:13","date_gmt":"2025-02-17T20:10:13","guid":{"rendered":"https:\/\/armn96.wordpress.com\/?page_id=138"},"modified":"2025-11-02T19:25:12","modified_gmt":"2025-11-02T19:25:12","slug":"meeting-edf-2","status":"publish","type":"page","link":"https:\/\/armn.fr\/index.php\/meeting-edf-2\/","title":{"rendered":"Meeting EDF"},"content":{"rendered":"\n<div class=\"wp-block-group alignfull is-style-section-1 is-content-justification-center\" style=\"margin-top:0;margin-bottom:0;padding-top:var(--wp--preset--spacing--50);padding-bottom:var(--wp--preset--spacing--50)\"><div class=\"wp-block-group__inner-container is-layout-constrained wp-block-group-is-layout-constrained\">\n<div class=\"wp-block-columns alignwide are-vertically-aligned-top is-layout-flex wp-container-core-columns-is-layout-6b2998fd wp-block-columns-is-layout-flex\" style=\"border-style:none;border-width:0px\">\n<div class=\"wp-block-column is-vertically-aligned-top is-content-justification-left is-layout-constrained wp-container-core-column-is-layout-cfe61dac wp-block-column-is-layout-constrained\" style=\"flex-basis:50%\">\n<h3 class=\"wp-block-heading alignfull has-kubio-color-5-color has-kubio-color-1-background-color has-text-color has-background has-link-color wp-elements-a0ade4a9df3aa27888cb9212f2f8c032\" style=\"font-size:21px\">16\u00e8me MEETING EDF<br>TRANSFRONTIERES ARDENNES<\/h3>\n\n\n\n<div class=\"wp-block-group alignfull is-vertical is-nowrap is-layout-flex wp-container-core-group-is-layout-947ac36b wp-block-group-is-layout-flex\">\n<p class=\"has-text-align-left\">La 16\u00e8me \u00e9dition de notre meeting EDF Transfronti\u00e8res Ardennes en partenariat avec le CNPE de Chooz aura lieu le dimanche 5 octobre au Centre aqualudique RIVEA.<\/p>\n\n\n\n\n\n<div class=\"wp-block-buttons is-content-justification-left is-layout-flex wp-container-core-buttons-is-layout-cc40522f wp-block-buttons-is-layout-flex\">\n<div class=\"wp-block-button has-custom-width wp-block-button__width-100 is-style-outline is-style-outline--1\"><a class=\"wp-block-button__link has-kubio-color-5-color has-kubio-color-1-background-color has-text-color has-background has-link-color has-text-align-center wp-element-button\" href=\"https:\/\/www.liveffn.com\/cgi-bin\/index.php?competition=90855\">Live FFN &#8211; Meeting EDF <\/a><\/div>\n\n\n\n<div class=\"wp-block-button has-custom-width wp-block-button__width-100 is-style-outline is-style-outline--2\"><a class=\"wp-block-button__link has-kubio-color-5-color has-kubio-color-1-background-color has-text-color has-background has-link-color has-text-align-center wp-element-button\" href=\"https:\/\/app.sportall.tv\/sportitemset\/68e1fbdb529b44f65bb7ce21\">Retransmission en live <\/a><\/div>\n<\/div>\n\n\n\n\n\n<p class=\"has-text-align-left\">EDF est partenaire officiel de la F\u00e9d\u00e9ration Fran\u00e7aise de Natation et s\u2019associe au d\u00e9veloppement de ce sport.<\/p>\n\n\n\n<p class=\"has-text-align-left\">Dans ce cadre, et pour encourager les initiatives des associations de notre r\u00e9gion, le CNPE de Chooz a nou\u00e9 depuis janvier 2010 un partenariat avec l&rsquo;Ardenne Rives de Meuse Natation.<\/p>\n\n\n\n<p class=\"has-text-align-left\">Fiers du succ\u00e8s des pr\u00e9c\u00e9dentes \u00e9ditions, le Centre Nucl\u00e9aire de Production d&rsquo;Electricit\u00e9 de Chooz et le club Ardenne Rives de Meuse Natation r\u00e9it\u00e8rent leur collaboration au travers de cet \u00e9v\u00e9nement.<\/p>\n\n\n\n<p class=\"has-text-align-left\">Notre meeting se veut ax\u00e9 sur les recherches de sensations et les prises de rep\u00e8res de d\u00e9but de saison. Cette comp\u00e9tition d\u2019animation est labellis\u00e9e D\u00e9partementale.<\/p>\n\n\n\n<p class=\"has-text-align-left\">Sur place, un bar sera \u00e0 votre disposition tout au long de la journ\u00e9e et un repas (barbecue) sera propos\u00e9 le midi (r\u00e9servation obligatoire pour le repas : <a>dirtech@armn.fr<\/a> )<\/p>\n<\/div>\n<\/div>\n\n\n\n<div class=\"wp-block-column is-vertically-aligned-top is-layout-flow wp-block-column-is-layout-flow\" style=\"flex-basis:50%\"><div class=\"wp-block-image is-style-default\">\n<figure class=\"aligncenter size-full\"><img loading=\"lazy\" decoding=\"async\" width=\"864\" height=\"1184\" src=\"https:\/\/armn.fr\/wp-content\/uploads\/2025\/09\/Affiche-meetng.png\" alt=\"\" class=\"wp-image-494\" srcset=\"https:\/\/armn.fr\/wp-content\/uploads\/2025\/09\/Affiche-meetng.png 864w, https:\/\/armn.fr\/wp-content\/uploads\/2025\/09\/Affiche-meetng-219x300.png 219w, https:\/\/armn.fr\/wp-content\/uploads\/2025\/09\/Affiche-meetng-747x1024.png 747w, https:\/\/armn.fr\/wp-content\/uploads\/2025\/09\/Affiche-meetng-768x1052.png 768w, https:\/\/armn.fr\/wp-content\/uploads\/2025\/09\/Affiche-meetng-788x1080.png 788w\" sizes=\"(max-width: 864px) 100vw, 864px\" \/><\/figure>\n<\/div><\/div>\n<\/div>\n<\/div><\/div>\n\n\n\n\n\n\n\n\n\n\n\n\n\n\n\n\n","protected":false},"excerpt":{"rendered":"<p>16\u00e8me MEETING EDFTRANSFRONTIERES ARDENNES La 16\u00e8me \u00e9dition de notre meeting EDF Transfronti\u00e8res Ardennes en partenariat avec le CNPE de Chooz aura lieu le dimanche 5 octobre au Centre aqualudique RIVEA. [&hellip;]<\/p>\n","protected":false},"author":1,"featured_media":0,"parent":0,"menu_order":0,"comment_status":"closed","ping_status":"closed","template":"","meta":{"saved_in_kubio":true,"footnotes":""},"class_list":["post-205","page","type-page","status-publish","hentry"],"kubio_ai_page_context":{"short_desc":"","purpose":"general"},"_links":{"self":[{"href":"https:\/\/armn.fr\/index.php\/wp-json\/wp\/v2\/pages\/205","targetHints":{"allow":["GET"]}}],"collection":[{"href":"https:\/\/armn.fr\/index.php\/wp-json\/wp\/v2\/pages"}],"about":[{"href":"https:\/\/armn.fr\/index.php\/wp-json\/wp\/v2\/types\/page"}],"author":[{"embeddable":true,"href":"https:\/\/armn.fr\/index.php\/wp-json\/wp\/v2\/users\/1"}],"replies":[{"embeddable":true,"href":"https:\/\/armn.fr\/index.php\/wp-json\/wp\/v2\/comments?post=205"}],"version-history":[{"count":18,"href":"https:\/\/armn.fr\/index.php\/wp-json\/wp\/v2\/pages\/205\/revisions"}],"predecessor-version":[{"id":662,"href":"https:\/\/armn.fr\/index.php\/wp-json\/wp\/v2\/pages\/205\/revisions\/662"}],"wp:attachment":[{"href":"https:\/\/armn.fr\/index.php\/wp-json\/wp\/v2\/media?parent=205"}],"curies":[{"name":"wp","href":"https:\/\/api.w.org\/{rel}","templated":true}]}}